31.
3, 13, 19, 17791
What are the prime factors of 10575268?
2, 11, 240347
List the prime factors of 574348.
2, 139, 1033
List the prime factors of 11466138.
2, 3, 277, 6899
List the prime factors of 234751.
11, 21341
List the prime factors of 2702233.
2702233
List the prime factors of 446113.
79, 5647
What are the prime factors of 4212902?
2, 2106451
What are the prime factors of 1800371?
23, 78277
List the prime factors of 9600783.
3, 181, 17681
What are the prime factors of 445159?
11, 13, 283
What are the prime factors of 10646561?
10646561
What are the prime factors of 15955519?
41, 107, 3637
List the prime factors of 556267.
556267
What are the prime factors of 24453403?
13, 1881031
What are the prime factors of 22611132?
2, 3, 167, 3761
List the prime factors of 5577488.
2, 7, 19, 2621
List the prime factors of 4759335.
3, 5, 7, 29, 521
What are the prime factors of 2325009?
3, 211, 3673
What are the prime factors of 8573273?
23, 372751
List the prime factors of 69012.
2, 3, 71
List the prime factors of 1304077.
23, 31, 59
List the prime factors of 4720719.
3, 37, 71, 599
What are the prime factors of 1454299?
7, 11, 17, 101
List the prime factors of 179683.
7, 19, 193
List the prime factors of 6035801.
6035801
List the prime factors of 4137998.
2, 2068999
What are the prime factors of 464075?
5, 19, 977
What are the prime factors of 2458183?
7, 13, 17, 227
List the prime factors of 228020.
2, 5, 13, 877
List the prime factors of 1239228.
2, 3, 29, 1187
List the prime factors of 78068.
2, 29, 673
What are the prime factors of 4299074?
2, 13, 165349
List the prime factors of 397190.
2, 5, 39719
List the prime factors of 459654.
2, 3, 13, 71, 83
What are the prime factors of 18590744?
2, 499, 4657
What are the prime factors of 22089612?
2, 3, 431, 4271
List the prime factors of 4387558.
2, 7, 44771
List the prime factors of 326931.
3, 11, 9907
What are the prime factors of 4416150?
2, 3, 5, 59, 499
List the prime factors of 1119248.
2, 13, 5381
List the prime factors of 215223.
3, 71741
What are the prime factors of 2813697?
3, 11579
List the prime factors of 318213.
3, 7, 5051
What are the prime factors of 1279814?
2, 639907
List the prime factors of 2434111.
17, 131, 1093
List the prime factors of 978219.
3, 11, 41, 241
List the prime factors of 253517.
11, 19, 1213
List the prime factors of 1082570.
2, 5, 29, 3733
What are the prime factors of 133521?
3, 44507
List the prime factors of 510609.
3, 11, 15473
List the prime factors of 16288.
2, 509
List the prime factors of 492360.
2, 3, 5, 11, 373
What are the prime factors of 12926183?
73, 113, 1567
What are the prime factors of 4524085?
5, 131, 6907
List the prime factors of 199616.
2, 3119
What are the prime factors of 2730050?
2, 5, 54601
List the prime factors of 187454.
2, 19, 4933
What are the prime factors of 129026?
2, 64513
What are the prime factors of 936437?
936437
What are the prime factors of 1366431?
3, 11, 47, 881
List the prime factors of 1535077.
1535077
What are the prime factors of 5510190?
2, 3, 5, 7, 19, 1381
What are the prime factors of 164297?
7, 479
What are the prime factors of 318447?
3, 41, 863
What are the prime factors of 15552109?
15552109
List the prime factors of 233009.
7, 33287
What are the prime factors of 2592370?
2, 5, 11, 23567
What are the prime factors of 350198?
2, 23, 331
What are the prime factors of 2172248?
2, 13, 20887
List the prime factors of 20588343.
3, 17, 19, 21247
What are the prime factors of 718617?
3, 239539
List the prime factors of 3002201.
149, 20149
List the prime factors of 270003.
3, 90001
List the prime factors of 16175260.
2, 5, 211, 3833
What are the prime factors of 5281517?
173, 30529
List the prime factors of 129397.
83, 1559
List the prime factors of 177488.
2, 11093
List the prime factors of 150149.
53, 2833
List the prime factors of 20513389.
13, 9337
What are the prime factors of 18705008?
2, 7, 167009
List the prime factors of 6571.
6571
List the prime factors of 236574.
2, 3, 13, 337
List the prime factors of 31487674.
2, 19, 73, 11351
What are the prime factors of 390742?
2, 11, 17761
What are the prime factors of 292567?
11, 26597
List the prime factors of 9244545.
3, 5, 19, 163, 199
List the prime factors of 3482249.
3482249
List the prime factors of 5689105.
5, 173, 6577
What are the prime factors of 2771073?
3, 47, 6551
What are the prime factors of 384466?
2, 192233
List the prime factors of 510707.
510707
List the prime factors of 330822.
2, 3, 18379
What are the prime factors of 431017?
431017
List the prime factors of 179440.
2, 5, 2243
What are the prime factors of 1302374?
2, 19, 34273
What are the prime factors of 8470069?
8470069
What are the prime factors of 244024?
2, 11, 47, 59
List the prime factors of 138277.
53, 2609
What are the prime factors of 2641061?
2641061
List the prime factors of 67811.
19, 43, 83
List the prime factors of 18784043.
139, 337, 401
List the prime factors of 570795.
3, 5, 38053
What are the prime factors of 1752440?
2, 5, 193, 227
List the prime factors of 1387030.
2, 5, 17, 41, 199
What are the prime factors of 1791707?
29, 31, 1993
What are the prime factors of 8204498?
2, 4102249
What are the prime factors of 9611158?
2, 4805579
What are the prime factors of 2982602?
2, 7, 213043
List the prime factors of 947027.
947027
List the prime factors of 590767.
17, 19, 31, 59
What are the prime factors of 4660590?
2, 3, 5, 11, 29, 487
What are the prime factors of 8618985?
3, 5, 191533
What are the prime factors of 647117?
647117
What are the prime factors of 40225?
5, 1609
What are the prime factors of 2419567?
43, 56269
List the prime factors of 1376671.
389, 3539
List the prime factors of 141905.
5, 101, 281
List the prime factors of 984815.
5, 13, 109, 139
List the prime factors of 349316.
2, 11, 17, 467
What are the prime factors of 1465899?
3, 488633
What are the prime factors of 657042?
2, 3, 109507
What are the prime factors of 14346255?
3, 5, 7, 11, 12421
List the prime factors of 22051759.
22051759
What are the prime factors of 8042008?
2, 13, 53, 1459
What are the prime factors of 2490220?
2, 5, 89, 1399
What are the prime factors of 2940492?
2, 3, 317, 773
List the prime factors of 61649.
7, 8807
List the prime factors of 7818878.
2, 17, 53, 4339
List the prime factors of 2210116.
2, 23, 24023
List the prime factors of 8454244.
2, 1051, 2011
List the prime factors of 174093.
3, 58031
List the prime factors of 805484.
2, 79, 2549
What are the prime factors of 1986702?
2, 3, 263, 1259
What are the prime factors of 1770879?
3, 11, 103, 521
What are the prime factors of 1758752?
2, 17, 53, 61
What are the prime factors of 2883451?
43, 67057
List the prime factors of 196477.
196477
List the prime factors of 1446301.
1446301
What are the prime factors of 1259332?
2, 37, 67, 127
What are the prime factors of 191696?
2, 11981
List the prime factors of 68671.
43, 1597
What are the prime factors of 116804?
2, 29201
List the prime factors of 62173.
79, 787
List the prime factors of 3304378.
2, 7, 11, 43, 499
List the prime factors of 236857.
41, 53, 109
List the prime factors of 56277.
3, 13, 37
List the prime factors of 34345832.
2, 1123, 3823
What are the prime factors of 16250012?
2, 53, 76651
List the prime factors of 1130652.
2, 3, 19, 29
What are the prime factors of 40563550?
2, 5, 53, 15307
List the prime factors of 1028985.
3, 5, 181, 379
What are the prime factors of 623265?
3, 5, 37, 1123
List the prime factors of 6729889.
83, 81083
List the prime factors of 29812931.
757, 39383
List the prime factors of 699112.
2, 31, 2819
List the prime factors of 397110.
2, 3, 5, 7, 31, 61
What are the prime factors of 5627043?
3, 208409
What are the prime factors of 3447742?
2, 137, 12583
What are the prime factors of 25377901?
19, 23, 58073
What are the prime factors of 5616443?
7, 17, 109, 433
List the prime factors of 6077222.
2, 211, 14401
List the prime factors of 2692251.
3, 99713
List the prime factors of 1640343.
3, 546781
What are the prime factors of 708467?
227, 3121
List the prime factors of 952509.
3, 317503
List the prime factors of 1142444.
2, 285611
List the prime factors of 151610.
2, 5, 15161
List the prime factors of 556163.
23, 24181
What are the prime